luate -2 - (-34 - (0 - 51)).
-19
What is 1 + (25 + -21 - 14) + 1 + 34?
26
Calculate (-5987 - -6007) + (120 - 0).
140
Calculate (-15 - ((-22 - 4) + 4)) + -1 - 62.
-56
What is 0 + -12 + (55 - 109 - -49) + 60?
43
What is the value of -149 + 30 - -1 - -58?
-60
Evaluate 4 - (-4 + 17) - (1 - 4 - (66 - 12)).
48
What is the value of 1 + 39 - (6 - (2 + (-8 - 2)))?
26
7 + (-19 - (-69 + 9) - -1)
49
What is (-44 - -41 - 0) + 20 + 1 - 5?
13
Evaluate 35 + -54 + 16 - (1 - -40 - 1).
-43
Calculate -3 + 39 + 2 + -15 + -103 + 127.
47
Calculate (-62 - 7) + (24 - 13) + 8 + -18.
-68
What is 7 + (118 - (215 + -98))?
8
Evaluate (22 - (14 + -27 + 35)) + 49.
49
Evaluate -24 + -22 + -4 + 4 + 6 + 157.
117
Calculate 121 + -206 - (-30 + -4).
-51
(-3 - (9 - 9)) + (3 + -11 - -9)
-2
What is -3 - -3 - 1 - (7 - (-12 + 68))?
48
What is (31 - -13) + -6 - (2 + 128)?
-92
Calculate -7 + (1 - (25 + (5 + -2 - 9))) - 12.
-37
26 - (-106 + (-10 - -129))
13
Evaluate 22 - ((48 - 0) + 185 + -170).
-41
What is the value of (4 + 6 + -5 - -22) + (-310 - -320)?
37
What is 25 - (2 + -6 + (-6 - -10 - (-1 - -10)))?
34
Evaluate (6 - (38 + -8)) + 10 - (-176 + 187).
-25
Evaluate (-2585 - -2498) + (3 - -104).
20
Evaluate 4740 - 4751 - (0 + -66).
55
Calculate (-34 - (-57 + 26)) + -1 + -29.
-33
What is the value of (-108 - -155 - -1) + -64?
-16
Calculate 39 - (-241 + 109) - 94.
77
Evaluate (54 + 0 - -22) + -91.
-15
17 - 0 - (-51 - (-162 - -53))
-41
Evaluate -29 + 8 + 11 + (118 - 79).
29
1 + -28 + (49 + 28 - 57)
-7
What is 65 - (100 + -53 + -24)?
42
Calculate (2 - (18 + -7)) + (180 - 194).
-23
What is 18 - (69 + -22) - -45 - 47?
-31
What is the value of 413 - (-9 - -413) - (1 - (64 + 1))?
73
Calculate 30 + 8 + -45 + -35 + 0 + 0.
-42
What is 105 - (-56 + 78) - (2 + 25)?
56
3 - (0 - (-6 - -7)) - (-8 + 54 - 50)
8
What is the value of 12541 + -12563 + -42 + -1?
-65
Evaluate 5 + 31 + (-744 - -691).
-17
-14486 + 14584 - (-7 - 1)
106
Evaluate 77 + -110 + -79 + 64.
-48
(29 - -10 - 56) + 11 - -53
47
14 - (44 - (27 + 18))
15
What is the value of (12 - 8 - 32) + (-3 - -8) - -8?
-15
Calculate -81 - -2 - ((301 - 272) + -10 + -1).
-97
Calculate -78 + 98 + (-100 - -23).
-57
Evaluate -52 - -13 - (8 - (19 - 42)).
-70
Evaluate (18 - 32) + (-1 - -1) + -207 + 214.
-7
What is 103 - -54 - 93 - 38?
26
What is the value of 7 - ((17 + -17 - 7) + -39)?
53
What is -29 - -37 - -31 - (3 + (2 - -4))?
30
Calculate -41 - (-14 + (18 - 6) - -10 - 6) - -6.
-37
Calculate -12 + 2 + (-16 + 26 - (-12 - -46)).
-34
What is (25 - 26) + -11 - 41?
-53
-143 + 135 + (-10 - 2) + 11
-9
What is -7 + -15 + 2 - -13 - (-66 + (-6 - -6))?
59
Calculate 2 + -12 + 11 + -31 + -6.
-36
Calculate 123 - (4 + 264 - 146).
1
Calculate (-20 - -13 - -6) + (42 - 4) - (8 + 1).
28
What is (-2 - -9) + (-48 - -68 - 7) + -91 + 0?
-71
Evaluate (1 - -21) + (79 - (-60 + 210)).
-49
1 + 27 - (-94 + (-64 - (-72 + -63)))
51
-16 - (-18 + -6) - 3 - (8 - -1)
-4
Evaluate -301 + 257 + (0 - 29).
-73
(33 - 108) + 70 + (-17 - 1)
-23
What is the value of 42 - (41 + -39 + 7) - 12?
21
51 + -154 + 73 + 5 + 123
98
Calculate -32 + 14 - -37 - (-1 - 38) - (4 + 5).
49
Evaluate -12 - 29 - (-61 - 11).
31
Calculate 68 - (149 + (-67 - -13)).
-27
Evaluate 6 - 6 - (513 + -596).
83
2 + 51 + 115 + -116
52
(1 + (3 - 2) - 23) + (-7995 - -8133)
117
What is the value of -18 - (-45 - 31) - 10?
48
Evaluate (26 - (24 - 30)) + -178 + 45.
-101
What is -8 + 13 + (-2 - -8 - 5) + (-34 - 1)?
-29
What is 7 - (78 + -1 - -14) - (-7 + 10 - 13)?
-74
What is the value of -4 + (54 - 4) - (315 + -299)?
30
Evaluate -4 + 46 + (-71 - -280) + -137.
114
What is the value of -64 + (45 - 9) + -40?
-68
Evaluate 30 + 41 + -118 + -13.
-60
12 - (-24 + (-13 - -31) + -35)
53
What is the value of -1 + -58 - (291 + -301) - (-1 - -3)?
-51
What is the value of -9 - (-14 + 33 + -38 + 13)?
-3
Calculate 6 - (31 - 78 - -39 - (2 + 0 + -29)).
-13
Calculate -5 + 0 - ((2 - -8 - -13) + -86).
58
Evaluate ((-7 - -12) + -2 - 15) + (186 - 146).
28
-1 + (-4 - 1) + (58 - (90 + -20))
-18
Evaluate -36 + 29 + (28 - -86) - 11.
96
Evaluate (6 - 73) + 325 + -335.
-77
(-35 + 10 - 41) + 8 + 8
-50
Evaluate -24 + -4 + -42 + 46.
-24
Calculate (255 - 173 - 99) + (-1 - (-1 - 6)).
-11
87 + 223 + -115 + -121
74
Evaluate -15 - (-13 + (57 - 19)) - -23.
-17
Evaluate 17 + -84 + (13 - -32).
-22
Evaluate -30 + -115 + 74 + 72.
1
Evaluate -6 - (-105 + (13 - 29)) - ((5 - 2) + -4).
116
Calculate (33 - (19 - (22 + -28))) + (55 - 1).
62
Evaluate (2 - (8 - (-7 - (-6 - 2)))) + -27 - 8.
-40
What is the value of (-32 - -48) + -31 + (5 - 9 - -8)?
-11
-22 + -31 + 2 + 25
-26
(6 - -13) + 57 - (21 + 2)
53
Evaluate 9 + -21 + (7 - (4 + -1)) - (-64 + -17).
73
9 + (-1 - -1 - (22 + -49 + 25)) - 10
1
What is 1 + 8 - 10 - (1 + -23 + (19 - 26))?
28
Evaluate -17 - (74 - 103 - (-20 - -2)).
-6
What is -14 - -26 - -5 - 21 - -10?
6
Evaluate 5 + -1 + 6 + -1 + 2 + -2.
9
Calculate 17 + (20 - 30) - (23 - 31 - -31).
-16
157 + -115 + 7 + -20
29
What is 57 + -44 + 54 + -93?
-26
-3 + -16 + 6 + 14 - 14 - -9
-4
Calculate -27 - (-85 - (-2 - 32)).
24
-1 + 99 - 2 - ((-31 - -12) + (-20 - -51))
84
What is -26 - ((3 - -2) + (-24 - (2 + -10)))?
-15
Calculate (13 - (9 - -1) - -9) + -3 + 16.
25
What is the value of (-1381 - -1331) + (1 - -42)?
-7
What is the value of -12 + -31 - -26 - -8 - 16?
-25
Evaluate (3 - -8 - 91) + -158 + 195.
-43
Calculate 79 + (-6 - (-9 - (11 + -18)) - 1) + -5.
69
Calculate -54 + 158 + 28 + -125.
7
27 + 131 + -16 + -106
36
Evaluate 12 - (26 + -38 - 69) - (11 - -2).
80
What is the value of -20 + 31 - (-1 + 3) - 64 - 2?
-57
Calculate -176 + (42 - 29) + 47.
-116
What is (1 - -6) + (-11 - (12 + -9 + -7))?
0
What is the value of 86 + -53 + 21 + -16 + 23?
61
What is 12 + 15 + 10 + 11 + -7?
41
What is the value of -7 + (43 - (10 + 1))?
25
(0 - 2 - -1) + (-4 - -21 - 26) - 13
-23
What is 4186 + -4290 + (2 - -193)?
91
3 + 1 - (82 + 24 + 21 + -99)
-24
Evaluate -4 + -2 + (32 - (-14 - -43)).
-3
Evaluate 1441 - 1436 - (4 + -122).
123
Evaluate 3 + -6 - (6 + (-28 - -12 - 13)).
20
Calculate 1 + -16 + (-27 - 0 - (3028 - 3043)).
-27
What is the value of -2 - -2 - (-4 - (18 - 12)) - (-4 + 13)?
1
What is -8 - (5 - -10 - (8 + (-47 - -5)))?
-57
36 - (38 - -26) - 23
-51
64 + -17 + 13 + (-7 - (-1 + 4))
50
Calculate 1617 + -1661 - (-2 + -73).
31
What is the value of (1 - 1) + 5 + (-122 - 126) + 260?
17
-159 + (-130 - -202) - (1 - 26)
-62
Calculate (23 + -10 - 33) + 12 + (37 - 0).
29
-11 + (2 + (-62 - 8) - (19 - 15))
-83
30 + -22 + 1 - 51 - (2 - 14)
-30
-59 + (3 - 4) - (-621 + 601)
-40
-30 + -3 + 53 + -47
-27
What is the value of 8 - (-27 + -5 - (-36 + 26))?
30
Calculate -10 + 14 - (12 - (-13 - (-19 + 11))).
-13
Evaluate (-20 - (12 - 5 - 18)) + -2 - 125.
-136
Evaluate -4 - -17 - 11 - ((-40 - -2) + (1 - -4)).
35
Evaluate 3 + 0 + ((-106 - -101) + -25 + 1 - -21).
-5
(13 - 2) + (-3 - (-27 - (-32 - -2)))
5
What is the value of 1 - 44 - ((-775 - -763) + 31 + -1)?
-61
-39 + 17 + 76 + 41
95
What is 17 - (3 + -11 + -4 + 73)?
-44
What is the value of 15 + (0 - (58 + -158))?
115
What is -4 + (-35 - (27 - 78)) + (-9 - -1)?
4
What is -35 + (12 - (0 - -3) - (-180 + 193))?
-39
Evaluate 6 + 6 + (-14 - -28 - 18) + -9.
-1
Calculate 44 + (12 + (2 + -6 - 7) - -6) + -1.
50
(-34 - (-2 + 7 + (-32 - -19))) + (5 - 0)
-21
What is the value of -142 + (-125 - (19 - 336))?
50
What is the value of 1 - 1 - (-32 - (11 + -65))?
-22
Evaluate -3 - (-15 + (18 + 10 - -1)).
-17
What is the value of (7 - -6) + (52 - 65) + (-6 - -42)?
36
What is -5 + -3 + -365 + 308 + (0 - -3)?
-62
5 + (5 + -17 - -4 - (6 + -22 + 22))
-9
What is -8 + 5 - (-18 + -22)?
37
-28 - ((-26 - -23) + (9 + 6 + -11 - 7))
-22
Calculate -31 + 13 + 442 + -478.
-54
Calculate (48 + -52 + (-4 - 3) - 0) + 10.
-1
What is -45 - (-28 - 8) - (1 + (-11 - -1))?
0
Evaluate (1 - -2 - (-2 + -13 + 14)) + 99 + -64.
39
-9 - (28 - (69 - 2))
30
0 - 1 - 6 - (7 - -1 - (84 + -73))
-4
What is the value of (-96 - (-118 - 20)) + (1 - 21)?
22
36 + 3 + -21 + -55
-37
What is the value of -3 + -9 - (-3 - 2) - 8 - (2 + 6)?
-23
What is the value of (4 - (16 + (-16 - 4))) + -34?
-26
Calculate 20 + 39 + -38 - -17.
38
Calculate -22 - (-38 - 0) - (78 + -2).
-60
Calculate -6 + (-23 + 11 - -5) - (4 - 3).
-14
What is the value of (-3 - -21) + (-16 + -9 - (50 + -63))?
6
What is (-30 - (-23 + 1) - -20 - -120) + -13?
119
Evaluate (-